{"id":1938,"date":"2023-08-01T06:31:30","date_gmt":"2023-08-01T04:31:30","guid":{"rendered":"https:\/\/www.hak-lienz.at\/web\/?page_id=1938"},"modified":"2023-09-07T15:33:20","modified_gmt":"2023-09-07T13:33:20","slug":"leitbild","status":"publish","type":"page","link":"https:\/\/www.hak-lienz.at\/web\/leitbild\/","title":{"rendered":"Leitbild"},"content":{"rendered":"\t\t<div data-elementor-type=\"wp-page\" data-elementor-id=\"1938\" class=\"elementor elementor-1938\" data-elementor-post-type=\"page\">\n\t\t\t\t\t\t\t\t\t<section class=\"elementor-section elementor-top-section elementor-element elementor-element-a35b15a elementor-section-height-min-height elementor-section-boxed elementor-section-height-default elementor-section-items-middle wpr-particle-no wpr-jarallax-no wpr-parallax-no wpr-sticky-section-no\" data-id=\"a35b15a\" data-element_type=\"section\">\n\t\t\t\t\t\t\t<div class=\"elementor-background-overlay\"><\/div>\n\t\t\t\t\t\t\t<div class=\"elementor-container elementor-column-gap-default\">\n\t\t\t\t\t<div class=\"elementor-column elementor-col-100 elementor-top-column elementor-element elementor-element-03de5c4\" data-id=\"03de5c4\" data-element_type=\"column\">\n\t\t\t<div class=\"elementor-widget-wrap elementor-element-populated\">\n\t\t\t\t\t\t\t\t<div class=\"elementor-element elementor-element-301068f elementor-widget elementor-widget-menu-anchor\" data-id=\"301068f\" data-element_type=\"widget\" data-widget_type=\"menu-anchor.default\">\n\t\t\t\t<div class=\"elementor-widget-container\">\n\t\t\t<style>\/*! elementor - v3.17.0 - 08-11-2023 *\/\nbody.elementor-page .elementor-widget-menu-anchor{margin-bottom:0}<\/style>\t\t<div id=\"top\" class=\"elementor-menu-anchor\"><\/div>\n\t\t\t\t<\/div>\n\t\t\t\t<\/div>\n\t\t\t\t\t<\/div>\n\t\t<\/div>\n\t\t\t\t\t\t\t<\/div>\n\t\t<\/section>\n\t\t\t\t<section class=\"elementor-section elementor-top-section elementor-element elementor-element-4f8aece elementor-section-height-min-height elementor-section-content-middle elementor-section-boxed elementor-section-height-default elementor-section-items-middle wpr-particle-no wpr-jarallax-no wpr-parallax-no wpr-sticky-section-no\" data-id=\"4f8aece\" data-element_type=\"section\">\n\t\t\t\t\t\t\t<div class=\"elementor-background-overlay\"><\/div>\n\t\t\t\t\t\t\t<div class=\"elementor-container elementor-column-gap-default\">\n\t\t\t\t\t<div class=\"elementor-column elementor-col-100 elementor-top-column elementor-element elementor-element-bc96968\" data-id=\"bc96968\" data-element_type=\"column\" data-settings=\"{&quot;background_background&quot;:&quot;classic&quot;}\">\n\t\t\t<div class=\"elementor-widget-wrap elementor-element-populated\">\n\t\t\t\t\t<div class=\"elementor-background-overlay\"><\/div>\n\t\t\t\t\t\t\t\t<div class=\"elementor-element elementor-element-e5537ad elementor-widget elementor-widget-heading\" data-id=\"e5537ad\" data-element_type=\"widget\" data-settings=\"{&quot;motion_fx_motion_fx_scrolling&quot;:&quot;yes&quot;,&quot;motion_fx_motion_fx_mouse&quot;:&quot;yes&quot;,&quot;motion_fx_devices&quot;:[&quot;desktop&quot;,&quot;tablet_extra&quot;,&quot;tablet&quot;,&quot;mobile_extra&quot;,&quot;mobile&quot;]}\" data-widget_type=\"heading.default\">\n\t\t\t\t<div class=\"elementor-widget-container\">\n\t\t\t<style>\/*! elementor - v3.17.0 - 08-11-2023 *\/\n.elementor-heading-title{padding:0;margin:0;line-height:1}.elementor-widget-heading .elementor-heading-title[class*=elementor-size-]>a{color:inherit;font-size:inherit;line-height:inherit}.elementor-widget-heading .elementor-heading-title.elementor-size-small{font-size:15px}.elementor-widget-heading .elementor-heading-title.elementor-size-medium{font-size:19px}.elementor-widget-heading .elementor-heading-title.elementor-size-large{font-size:29px}.elementor-widget-heading .elementor-heading-title.elementor-size-xl{font-size:39px}.elementor-widget-heading .elementor-heading-title.elementor-size-xxl{font-size:59px}<\/style><span class=\"elementor-heading-title elementor-size-default\">HAK Leitbild<\/span>\t\t<\/div>\n\t\t\t\t<\/div>\n\t\t\t\t\t<\/div>\n\t\t<\/div>\n\t\t\t\t\t\t\t<\/div>\n\t\t<\/section>\n\t\t\t\t<section class=\"elementor-section elementor-top-section elementor-element elementor-element-6bbd738 elementor-section-boxed elementor-section-height-default elementor-section-height-default wpr-particle-no wpr-jarallax-no wpr-parallax-no wpr-sticky-section-no\" data-id=\"6bbd738\" data-element_type=\"section\" data-settings=\"{&quot;background_background&quot;:&quot;classic&quot;}\">\n\t\t\t\t\t\t<div class=\"elementor-container elementor-column-gap-default\">\n\t\t\t\t\t<div class=\"elementor-column elementor-col-50 elementor-top-column elementor-element elementor-element-07b1c48\" data-id=\"07b1c48\" data-element_type=\"column\" data-settings=\"{&quot;background_background&quot;:&quot;classic&quot;}\">\n\t\t\t<div class=\"elementor-widget-wrap elementor-element-populated\">\n\t\t\t\t\t\t\t\t<div class=\"elementor-element elementor-element-6b4fa5c elementor-widget__width-initial elementor-widget elementor-widget-image\" data-id=\"6b4fa5c\" data-element_type=\"widget\" data-widget_type=\"image.default\">\n\t\t\t\t<div class=\"elementor-widget-container\">\n\t\t\t<style>\/*! elementor - v3.17.0 - 08-11-2023 *\/\n.elementor-widget-image{text-align:center}.elementor-widget-image a{display:inline-block}.elementor-widget-image a img[src$=\".svg\"]{width:48px}.elementor-widget-image img{vertical-align:middle;display:inline-block}<\/style>\t\t\t\t\t\t\t\t\t\t\t\t<img loading=\"lazy\" decoding=\"async\" width=\"2560\" height=\"1811\" src=\"https:\/\/www.hak-lienz.at\/web\/wp-content\/uploads\/2023\/08\/Gruppe1-scaled.jpg\" class=\"attachment-full size-full wp-image-5702\" alt=\"\" srcset=\"https:\/\/www.hak-lienz.at\/web\/wp-content\/uploads\/2023\/08\/Gruppe1-scaled.jpg 2560w, https:\/\/www.hak-lienz.at\/web\/wp-content\/uploads\/2023\/08\/Gruppe1-300x212.jpg 300w, https:\/\/www.hak-lienz.at\/web\/wp-content\/uploads\/2023\/08\/Gruppe1-1024x724.jpg 1024w, https:\/\/www.hak-lienz.at\/web\/wp-content\/uploads\/2023\/08\/Gruppe1-768x543.jpg 768w, https:\/\/www.hak-lienz.at\/web\/wp-content\/uploads\/2023\/08\/Gruppe1-1536x1087.jpg 1536w, https:\/\/www.hak-lienz.at\/web\/wp-content\/uploads\/2023\/08\/Gruppe1-2048x1449.jpg 2048w, https:\/\/www.hak-lienz.at\/web\/wp-content\/uploads\/2023\/08\/Gruppe1-50x35.jpg 50w, https:\/\/www.hak-lienz.at\/web\/wp-content\/uploads\/2023\/08\/Gruppe1-100x71.jpg 100w\" sizes=\"auto, (max-width: 2560px) 100vw, 2560px\" \/>\t\t\t\t\t\t\t\t\t\t\t\t\t\t\t<\/div>\n\t\t\t\t<\/div>\n\t\t\t\t\t<\/div>\n\t\t<\/div>\n\t\t\t\t<div class=\"elementor-column elementor-col-50 elementor-top-column elementor-element elementor-element-9d0d697\" data-id=\"9d0d697\" data-element_type=\"column\">\n\t\t\t<div class=\"elementor-widget-wrap elementor-element-populated\">\n\t\t\t\t\t\t\t\t<div class=\"elementor-element elementor-element-e76bc71 elementor-widget elementor-widget-text-editor\" data-id=\"e76bc71\" data-element_type=\"widget\" data-widget_type=\"text-editor.default\">\n\t\t\t\t<div class=\"elementor-widget-container\">\n\t\t\t<style>\/*! elementor - v3.17.0 - 08-11-2023 *\/\n.elementor-widget-text-editor.elementor-drop-cap-view-stacked .elementor-drop-cap{background-color:#69727d;color:#fff}.elementor-widget-text-editor.elementor-drop-cap-view-framed .elementor-drop-cap{color:#69727d;border:3px solid;background-color:transparent}.elementor-widget-text-editor:not(.elementor-drop-cap-view-default) .elementor-drop-cap{margin-top:8px}.elementor-widget-text-editor:not(.elementor-drop-cap-view-default) .elementor-drop-cap-letter{width:1em;height:1em}.elementor-widget-text-editor .elementor-drop-cap{float:left;text-align:center;line-height:1;font-size:50px}.elementor-widget-text-editor .elementor-drop-cap-letter{display:inline-block}<\/style>\t\t\t\t<h1>Grundphilosophie<\/h1><p>Wir sind eine berufsbildende h\u00f6here Schule, die der modernen Welt und dem st\u00e4ndigen Wandel in den beruflichen Anforderungen auch mit einem Bildungsangebot in zeitgem\u00e4\u00dfer Weise begegnet.<\/p><p>Wir alle \u2013 Lehrer und Lehrerinnen, Sch\u00fcler und Sch\u00fclerinnen und Eltern der HAK Lienz \u2013 tragen gemeinsam die Verantwortung f\u00fcr ein positives Klassen- und Schulklima und f\u00fcr die best\u00e4ndige Weiterentwicklung unserer Schule. Dabei ist es uns wichtig, in unseren Methoden und Bildungsangeboten flexibel, aktuell und anspruchsvoll zu sein und auch zu bleiben.<\/p>\t\t\t\t\t\t<\/div>\n\t\t\t\t<\/div>\n\t\t\t\t\t<\/div>\n\t\t<\/div>\n\t\t\t\t\t\t\t<\/div>\n\t\t<\/section>\n\t\t\t\t<section class=\"elementor-section elementor-top-section elementor-element elementor-element-9167994 elementor-section-boxed elementor-section-height-default elementor-section-height-default wpr-particle-no wpr-jarallax-no wpr-parallax-no wpr-sticky-section-no\" data-id=\"9167994\" data-element_type=\"section\" data-settings=\"{&quot;background_background&quot;:&quot;classic&quot;}\">\n\t\t\t\t\t\t<div class=\"elementor-container elementor-column-gap-default\">\n\t\t\t\t\t<div class=\"elementor-column elementor-col-50 elementor-top-column elementor-element elementor-element-d7a4f0a\" data-id=\"d7a4f0a\" data-element_type=\"column\" data-settings=\"{&quot;background_background&quot;:&quot;classic&quot;}\">\n\t\t\t<div class=\"elementor-widget-wrap elementor-element-populated\">\n\t\t\t\t\t\t\t\t<div class=\"elementor-element elementor-element-f2b3484 elementor-widget elementor-widget-text-editor\" data-id=\"f2b3484\" data-element_type=\"widget\" data-widget_type=\"text-editor.default\">\n\t\t\t\t<div class=\"elementor-widget-container\">\n\t\t\t\t\t\t\t<h1>Unser Bildungsangebot<\/h1><p>Unsere Schule bietet folgende Ausbildungsvarianten:<\/p><p><a href=\"https:\/\/www.hak-lienz.at\/web\/hak-informatik\/\"><img loading=\"lazy\" decoding=\"async\" class=\"alignnone size-full wp-image-514\" src=\"https:\/\/www.hak-lienz.at\/web\/wp-content\/uploads\/2023\/07\/informatik-1.jpg\" alt=\"\" width=\"202\" height=\"34\" \/><\/a><\/p><p><a href=\"https:\/\/www.hak-lienz.at\/web\/hak-plus\/\"><img loading=\"lazy\" decoding=\"async\" class=\"alignnone size-full wp-image-515\" src=\"https:\/\/www.hak-lienz.at\/web\/wp-content\/uploads\/2023\/07\/plus.jpg\" alt=\"\" width=\"122\" height=\"34\" \/><\/a><\/p><h1>Unsere Lehrer<\/h1><p>Bei der Umsetzung unserer Ziele vertrauen wir auf die eigenst\u00e4ndigen, individuellen, originellen und unverwechselbaren Lehrerpers\u00f6nlichkeiten an unserer Schule mit ihrem Engagement, ihrer fachlichen Kompetenz und ihren vielen verschiedenen Zug\u00e4ngen, die den Schulalltag spannend, informativ und menschlich gestalten.<\/p><div><h1>Schnittstelle zur Wirtschaft<\/h1><p>Durch die intensive Zusammenarbeit mit den heimischen Betrieben bringen wir unseren Sch\u00fclerinnen und Sch\u00fclern ein umfassendes Bild von Wirtschaft n\u00e4her. Nachhaltigkeit und Engagement im Bereich der sustainable development goals im Rahmen des Unterrichts und dar\u00fcber hinaus in den Diplomarbeiten sind f\u00fcr uns ein Gebot der Stunde. Praxiskontakte finden laufend und in vielen Bereichen unserer Ausbildung statt. z. B.:<\/p><ul><li>Vortr\u00e4ge und Workshops mit Unternehmern und Experten<\/li><li>Partnerfirmen f\u00fcr die \u00dcbungsfirma<\/li><li>Events mit Unternehmen: Unternehmertag, Exkursionen<\/li><li>Praktikum<\/li><li>Praxisorientierter Unterricht<\/li><li>Sponsoring<\/li><\/ul><\/div>\t\t\t\t\t\t<\/div>\n\t\t\t\t<\/div>\n\t\t\t\t<div class=\"elementor-element elementor-element-a3911d4 elementor-widget elementor-widget-image\" data-id=\"a3911d4\" data-element_type=\"widget\" data-widget_type=\"image.default\">\n\t\t\t\t<div class=\"elementor-widget-container\">\n\t\t\t\t\t\t\t\t\t\t\t\t\t\t\t<img loading=\"lazy\" decoding=\"async\" width=\"949\" height=\"165\" src=\"https:\/\/www.hak-lienz.at\/web\/wp-content\/uploads\/2023\/08\/Beruf_Leitbild.png\" class=\"attachment-full size-full wp-image-5369\" alt=\"\" srcset=\"https:\/\/www.hak-lienz.at\/web\/wp-content\/uploads\/2023\/08\/Beruf_Leitbild.png 949w, https:\/\/www.hak-lienz.at\/web\/wp-content\/uploads\/2023\/08\/Beruf_Leitbild-300x52.png 300w, https:\/\/www.hak-lienz.at\/web\/wp-content\/uploads\/2023\/08\/Beruf_Leitbild-768x134.png 768w, https:\/\/www.hak-lienz.at\/web\/wp-content\/uploads\/2023\/08\/Beruf_Leitbild-50x9.png 50w, https:\/\/www.hak-lienz.at\/web\/wp-content\/uploads\/2023\/08\/Beruf_Leitbild-100x17.png 100w\" sizes=\"auto, (max-width: 949px) 100vw, 949px\" \/>\t\t\t\t\t\t\t\t\t\t\t\t\t\t\t<\/div>\n\t\t\t\t<\/div>\n\t\t\t\t\t<\/div>\n\t\t<\/div>\n\t\t\t\t<div class=\"elementor-column elementor-col-50 elementor-top-column elementor-element elementor-element-e2c871a\" data-id=\"e2c871a\" data-element_type=\"column\">\n\t\t\t<div class=\"elementor-widget-wrap elementor-element-populated\">\n\t\t\t\t\t\t\t\t<div class=\"elementor-element elementor-element-06ce9e3 elementor-widget elementor-widget-text-editor\" data-id=\"06ce9e3\" data-element_type=\"widget\" data-widget_type=\"text-editor.default\">\n\t\t\t\t<div class=\"elementor-widget-container\">\n\t\t\t\t\t\t\t<h1>Unsere Partner\u00a0 und unsere Werte<\/h1><p>Wir sehen Lehren und Lernen als verantwortungsvolle Partnerschaft zwischen Schulleitung, Lehrern, Sch\u00fclern, Eltern und der Wirtschaft. Dabei legen wir gro\u00dfen Wert auf Achtung, Respekt und gegenseitiger Wertsch\u00e4tzung. Konstruktiver Umgang mit Fehlern oder Unachtsamkeiten ist unser Weg, uns weiterzuentwickeln.<\/p><p>Wir verstehen \u201eBildung\u201c als umfassenden Begriff. Neben dem fachlichen Wissen legen wir besonderen Wert auf die Pers\u00f6nlichkeitsbildung der uns anvertrauten jungen Menschen. Selbstsicherheit, Durchsetzungsf\u00e4higkeit, Teamf\u00e4higkeit und gutes Auftreten sind uns ein ebenso gro\u00dfes Anliegen wie die F\u00e4higkeit zum dialogischen Miteinander, dem Einsatz f\u00fcr eine saubere Umwelt und soziales Engagement.<\/p><p>Unsere Absolventinnen und Absolventen erwerben mit ihrem Abschlusszeugnis verschiedenste Qualifikationen und Gewerbeberechtigungen. Regionale, nationale und internationale Wettbewerbe sowie externe Zertifikate sind eine wertvolle Erg\u00e4nzung des Unterrichts und besonders motivierend f\u00fcr Lernende und Lehrende. Unser Ziel ist es, unseren Absolventinnen und Absolventen f\u00fcr m\u00f6glichst viele verschiedene Berufe und Anforderungen in der beruflichen Praxis und in der Gesellschaft vorzubereiten.\u00a0 Zudem erlangen unsere Absolventinnen und Absolventen die Berechtigung, an allen Universit\u00e4ten und Fachhochschulen im In- und Ausland zu studieren.<\/p><p>Neue Anforderungen in der Arbeitswelt machten neue Unterrichtsmethoden notwendig. Neben dem traditionellen Unterricht finden laufend viele neue Methoden Eingang in den Schulalltag und f\u00f6rdern ein positives Lernklima.<\/p><p>Durch wiederholte Evaluierungen im Rahmen der Schulqualit\u00e4tsentwicklung sind auch wir als Organisation einem st\u00e4ndigen Hinterfragen, Verbessern und Ver\u00e4ndern verpflichtet.<\/p>\t\t\t\t\t\t<\/div>\n\t\t\t\t<\/div>\n\t\t\t\t\t<\/div>\n\t\t<\/div>\n\t\t\t\t\t\t\t<\/div>\n\t\t<\/section>\n\t\t\t\t\t\t\t<\/div>\n\t\t","protected":false},"excerpt":{"rendered":"<p>HAK Leitbild Grundphilosophie Wir sind eine berufsbildende h\u00f6here Schule, die der modernen Welt und dem st\u00e4ndigen Wandel in den beruflichen Anforderungen auch mit einem Bildungsangebot in zeitgem\u00e4\u00dfer Weise begegnet. Wir alle \u2013 Lehrer und Lehrerinnen, Sch\u00fcler und Sch\u00fclerinnen und Eltern der HAK Lienz \u2013 tragen gemeinsam die Verantwortung f\u00fcr ein positives Klassen- und Schulklima und&#8230;<\/p>\n","protected":false},"author":1,"featured_media":0,"parent":0,"menu_order":0,"comment_status":"closed","ping_status":"closed","template":"","meta":{"_kad_post_transparent":"default","_kad_post_title":"hide","_kad_post_layout":"default","_kad_post_sidebar_id":"","_kad_post_content_style":"unboxed","_kad_post_vertical_padding":"hide","_kad_post_feature":"hide","_kad_post_feature_position":"","_kad_post_header":false,"_kad_post_footer":false,"footnotes":""},"class_list":["post-1938","page","type-page","status-publish","hentry"],"aioseo_notices":[],"_links":{"self":[{"href":"https:\/\/www.hak-lienz.at\/web\/wp-json\/wp\/v2\/pages\/1938","targetHints":{"allow":["GET"]}}],"collection":[{"href":"https:\/\/www.hak-lienz.at\/web\/wp-json\/wp\/v2\/pages"}],"about":[{"href":"https:\/\/www.hak-lienz.at\/web\/wp-json\/wp\/v2\/types\/page"}],"author":[{"embeddable":true,"href":"https:\/\/www.hak-lienz.at\/web\/wp-json\/wp\/v2\/users\/1"}],"replies":[{"embeddable":true,"href":"https:\/\/www.hak-lienz.at\/web\/wp-json\/wp\/v2\/comments?post=1938"}],"version-history":[{"count":0,"href":"https:\/\/www.hak-lienz.at\/web\/wp-json\/wp\/v2\/pages\/1938\/revisions"}],"wp:attachment":[{"href":"https:\/\/www.hak-lienz.at\/web\/wp-json\/wp\/v2\/media?parent=1938"}],"curies":[{"name":"wp","href":"https:\/\/api.w.org\/{rel}","templated":true}]}}