{"id":172,"date":"2023-07-22T06:33:32","date_gmt":"2023-07-22T04:33:32","guid":{"rendered":"https:\/\/www.hak-lienz.at\/web\/?page_id=172"},"modified":"2025-12-04T10:11:05","modified_gmt":"2025-12-04T09:11:05","slug":"linksammlung","status":"publish","type":"page","link":"https:\/\/www.hak-lienz.at\/web\/linksammlung\/","title":{"rendered":"Linksammlung"},"content":{"rendered":"\t\t<div data-elementor-type=\"wp-page\" data-elementor-id=\"172\" class=\"elementor elementor-172\" data-elementor-post-type=\"page\">\n\t\t\t\t\t\t\t\t\t<section class=\"elementor-section elementor-top-section elementor-element elementor-element-b18639a elementor-section-height-min-height elementor-section-boxed elementor-section-height-default elementor-section-items-middle wpr-particle-no wpr-jarallax-no wpr-parallax-no wpr-sticky-section-no\" data-id=\"b18639a\" data-element_type=\"section\">\n\t\t\t\t\t\t\t<div class=\"elementor-background-overlay\"><\/div>\n\t\t\t\t\t\t\t<div class=\"elementor-container elementor-column-gap-default\">\n\t\t\t\t\t<div class=\"elementor-column elementor-col-100 elementor-top-column elementor-element elementor-element-fd3f8f8\" data-id=\"fd3f8f8\" data-element_type=\"column\">\n\t\t\t<div class=\"elementor-widget-wrap elementor-element-populated\">\n\t\t\t\t\t\t\t\t<div class=\"elementor-element elementor-element-7559038 elementor-widget elementor-widget-menu-anchor\" data-id=\"7559038\" data-element_type=\"widget\" data-widget_type=\"menu-anchor.default\">\n\t\t\t\t<div class=\"elementor-widget-container\">\n\t\t\t<style>\/*! elementor - v3.17.0 - 08-11-2023 *\/\nbody.elementor-page .elementor-widget-menu-anchor{margin-bottom:0}<\/style>\t\t<div id=\"top\" class=\"elementor-menu-anchor\"><\/div>\n\t\t\t\t<\/div>\n\t\t\t\t<\/div>\n\t\t\t\t\t<\/div>\n\t\t<\/div>\n\t\t\t\t\t\t\t<\/div>\n\t\t<\/section>\n\t\t\t\t<section class=\"elementor-section elementor-top-section elementor-element elementor-element-b0c47f2 elementor-section-height-min-height elementor-section-content-middle elementor-section-boxed elementor-section-height-default elementor-section-items-middle wpr-particle-no wpr-jarallax-no wpr-parallax-no wpr-sticky-section-no\" data-id=\"b0c47f2\" data-element_type=\"section\">\n\t\t\t\t\t\t\t<div class=\"elementor-background-overlay\"><\/div>\n\t\t\t\t\t\t\t<div class=\"elementor-container elementor-column-gap-default\">\n\t\t\t\t\t<div class=\"elementor-column elementor-col-100 elementor-top-column elementor-element elementor-element-dbf1a05\" data-id=\"dbf1a05\" data-element_type=\"column\" data-settings=\"{&quot;background_background&quot;:&quot;classic&quot;}\">\n\t\t\t<div class=\"elementor-widget-wrap elementor-element-populated\">\n\t\t\t\t\t<div class=\"elementor-background-overlay\"><\/div>\n\t\t\t\t\t\t\t\t<div class=\"elementor-element elementor-element-6df7540 elementor-widget elementor-widget-heading\" data-id=\"6df7540\" data-element_type=\"widget\" data-settings=\"{&quot;motion_fx_motion_fx_scrolling&quot;:&quot;yes&quot;,&quot;motion_fx_motion_fx_mouse&quot;:&quot;yes&quot;,&quot;motion_fx_devices&quot;:[&quot;desktop&quot;,&quot;tablet_extra&quot;,&quot;tablet&quot;,&quot;mobile_extra&quot;,&quot;mobile&quot;]}\" data-widget_type=\"heading.default\">\n\t\t\t\t<div class=\"elementor-widget-container\">\n\t\t\t<style>\/*! elementor - v3.17.0 - 08-11-2023 *\/\n.elementor-heading-title{padding:0;margin:0;line-height:1}.elementor-widget-heading .elementor-heading-title[class*=elementor-size-]>a{color:inherit;font-size:inherit;line-height:inherit}.elementor-widget-heading .elementor-heading-title.elementor-size-small{font-size:15px}.elementor-widget-heading .elementor-heading-title.elementor-size-medium{font-size:19px}.elementor-widget-heading .elementor-heading-title.elementor-size-large{font-size:29px}.elementor-widget-heading .elementor-heading-title.elementor-size-xl{font-size:39px}.elementor-widget-heading .elementor-heading-title.elementor-size-xxl{font-size:59px}<\/style><span class=\"elementor-heading-title elementor-size-default\">Linksammlung<\/span>\t\t<\/div>\n\t\t\t\t<\/div>\n\t\t\t\t\t<\/div>\n\t\t<\/div>\n\t\t\t\t\t\t\t<\/div>\n\t\t<\/section>\n\t\t\t\t<section class=\"elementor-section elementor-top-section elementor-element elementor-element-67c1e8b elementor-section-boxed elementor-section-height-default elementor-section-height-default wpr-particle-no wpr-jarallax-no wpr-parallax-no wpr-sticky-section-no\" data-id=\"67c1e8b\" data-element_type=\"section\">\n\t\t\t\t\t\t<div class=\"elementor-container elementor-column-gap-default\">\n\t\t\t\t\t<div class=\"elementor-column elementor-col-50 elementor-top-column elementor-element elementor-element-e2ffba4\" data-id=\"e2ffba4\" data-element_type=\"column\" data-settings=\"{&quot;background_background&quot;:&quot;classic&quot;}\">\n\t\t\t<div class=\"elementor-widget-wrap elementor-element-populated\">\n\t\t\t\t\t\t\t\t<div class=\"elementor-element elementor-element-94df6a1 e-transform elementor-widget elementor-widget-text-editor\" data-id=\"94df6a1\" data-element_type=\"widget\" data-settings=\"{&quot;_transform_translateX_effect&quot;:{&quot;unit&quot;:&quot;px&quot;,&quot;size&quot;:&quot;&quot;,&quot;sizes&quot;:[]},&quot;_transform_translateX_effect_tablet_extra&quot;:{&quot;unit&quot;:&quot;px&quot;,&quot;size&quot;:&quot;&quot;,&quot;sizes&quot;:[]},&quot;_transform_translateX_effect_tablet&quot;:{&quot;unit&quot;:&quot;px&quot;,&quot;size&quot;:&quot;&quot;,&quot;sizes&quot;:[]},&quot;_transform_translateX_effect_mobile_extra&quot;:{&quot;unit&quot;:&quot;px&quot;,&quot;size&quot;:&quot;&quot;,&quot;sizes&quot;:[]},&quot;_transform_translateX_effect_mobile&quot;:{&quot;unit&quot;:&quot;px&quot;,&quot;size&quot;:&quot;&quot;,&quot;sizes&quot;:[]},&quot;_transform_translateY_effect&quot;:{&quot;unit&quot;:&quot;px&quot;,&quot;size&quot;:&quot;&quot;,&quot;sizes&quot;:[]},&quot;_transform_translateY_effect_tablet_extra&quot;:{&quot;unit&quot;:&quot;px&quot;,&quot;size&quot;:&quot;&quot;,&quot;sizes&quot;:[]},&quot;_transform_translateY_effect_tablet&quot;:{&quot;unit&quot;:&quot;px&quot;,&quot;size&quot;:&quot;&quot;,&quot;sizes&quot;:[]},&quot;_transform_translateY_effect_mobile_extra&quot;:{&quot;unit&quot;:&quot;px&quot;,&quot;size&quot;:&quot;&quot;,&quot;sizes&quot;:[]},&quot;_transform_translateY_effect_mobile&quot;:{&quot;unit&quot;:&quot;px&quot;,&quot;size&quot;:&quot;&quot;,&quot;sizes&quot;:[]}}\" data-widget_type=\"text-editor.default\">\n\t\t\t\t<div class=\"elementor-widget-container\">\n\t\t\t<style>\/*! elementor - v3.17.0 - 08-11-2023 *\/\n.elementor-widget-text-editor.elementor-drop-cap-view-stacked .elementor-drop-cap{background-color:#69727d;color:#fff}.elementor-widget-text-editor.elementor-drop-cap-view-framed .elementor-drop-cap{color:#69727d;border:3px solid;background-color:transparent}.elementor-widget-text-editor:not(.elementor-drop-cap-view-default) .elementor-drop-cap{margin-top:8px}.elementor-widget-text-editor:not(.elementor-drop-cap-view-default) .elementor-drop-cap-letter{width:1em;height:1em}.elementor-widget-text-editor .elementor-drop-cap{float:left;text-align:center;line-height:1;font-size:50px}.elementor-widget-text-editor .elementor-drop-cap-letter{display:inline-block}<\/style>\t\t\t\t<h1>Schulbezogene Links<\/h1><div>\u00a0<\/div><ul><li><a href=\"https:\/\/www.sokrates-bund.at\/BRZTIROL\/\" target=\"_blank\" rel=\"noopener\">SOKRATES &#8211; Portal <\/a><\/li><li><a href=\"https:\/\/portal.tirol.gv.at\/login.xhtml\" target=\"_blank\" rel=\"noopener\">Portal Tirol<\/a><\/li><li><a href=\"https:\/\/www.portal.at\/pat\/loginform?TARGET=https:\/\/secure.portal.at\/pat\/&amp;SMQUERYDATA=&amp;SMAUTHREASON=0\" target=\"_blank\" rel=\"noopener\">Portal Austria<\/a><\/li><li><a href=\"https:\/\/hak-lienz.webuntis.com\/WebUntis\/?school=hak-lienz#\/basic\/login\" target=\"_blank\" rel=\"noopener\">Webuntis<\/a><\/li><li><a href=\"http:\/\/www.ilb.berufsbildendeschulen.at\/\" target=\"_blank\" rel=\"noopener\">Individuelle Lernbegleitung<\/a><\/li><li><a href=\"http:\/\/www.hak.cc\" target=\"_blank\" rel=\"noopener\">HAK CC<\/a><\/li><li><a href=\"https:\/\/www.hak.cc\/unterricht\/lehrplaene\/handelsakademie-lehrplan-2014\" target=\"_blank\" rel=\"noopener\">Lehrplan HAK<\/a><\/li><li><a href=\"https:\/\/hak.cc\/die-hak-has\/haktuell\/post\/schueler-inneninformation-zur-standardisierte-reife-und-diplompruefung-an-der-handelsakademie\" target=\"_blank\" rel=\"noopener\">sRDP<\/a><\/li><li><a href=\"https:\/\/www.jusline.at\/gesetz\/schug\" target=\"_blank\" rel=\"noopener\">SchUG<\/a><\/li><li><a href=\"http:\/\/www.diplomarbeiten-bbs.at\/\" target=\"_blank\" rel=\"noopener\">Diplomarbeiten BBS<\/a><\/li><li><a href=\"https:\/\/www.qms.at\/\" target=\"_blank\" rel=\"noopener\">QMS (Qualit\u00e4tsmanagement)<\/a><\/li><li><a href=\"http:\/\/www.ph-tirol.ac.at\/\" target=\"_blank\" rel=\"noopener\">P\u00e4dagogische Hochschule PHT<\/a><\/li><li><a href=\"https:\/\/www.ph-online.ac.at\/pht\/webnav.ini?pUrl=anmeldung.durchfuehren\" target=\"_blank\" rel=\"noopener\">PHT Seminaranmeldungen Login<\/a><\/li><\/ul>\t\t\t\t\t\t<\/div>\n\t\t\t\t<\/div>\n\t\t\t\t\t<\/div>\n\t\t<\/div>\n\t\t\t\t<div class=\"elementor-column elementor-col-50 elementor-top-column elementor-element elementor-element-dba8e88\" data-id=\"dba8e88\" data-element_type=\"column\" data-settings=\"{&quot;background_background&quot;:&quot;classic&quot;}\">\n\t\t\t<div class=\"elementor-widget-wrap elementor-element-populated\">\n\t\t\t\t\t\t\t\t<div class=\"elementor-element elementor-element-3b08f7a e-transform elementor-widget elementor-widget-text-editor\" data-id=\"3b08f7a\" data-element_type=\"widget\" data-settings=\"{&quot;_transform_translateX_effect&quot;:{&quot;unit&quot;:&quot;px&quot;,&quot;size&quot;:&quot;&quot;,&quot;sizes&quot;:[]},&quot;_transform_translateX_effect_tablet_extra&quot;:{&quot;unit&quot;:&quot;px&quot;,&quot;size&quot;:&quot;&quot;,&quot;sizes&quot;:[]},&quot;_transform_translateX_effect_tablet&quot;:{&quot;unit&quot;:&quot;px&quot;,&quot;size&quot;:&quot;&quot;,&quot;sizes&quot;:[]},&quot;_transform_translateX_effect_mobile_extra&quot;:{&quot;unit&quot;:&quot;px&quot;,&quot;size&quot;:&quot;&quot;,&quot;sizes&quot;:[]},&quot;_transform_translateX_effect_mobile&quot;:{&quot;unit&quot;:&quot;px&quot;,&quot;size&quot;:&quot;&quot;,&quot;sizes&quot;:[]},&quot;_transform_translateY_effect&quot;:{&quot;unit&quot;:&quot;px&quot;,&quot;size&quot;:&quot;&quot;,&quot;sizes&quot;:[]},&quot;_transform_translateY_effect_tablet_extra&quot;:{&quot;unit&quot;:&quot;px&quot;,&quot;size&quot;:&quot;&quot;,&quot;sizes&quot;:[]},&quot;_transform_translateY_effect_tablet&quot;:{&quot;unit&quot;:&quot;px&quot;,&quot;size&quot;:&quot;&quot;,&quot;sizes&quot;:[]},&quot;_transform_translateY_effect_mobile_extra&quot;:{&quot;unit&quot;:&quot;px&quot;,&quot;size&quot;:&quot;&quot;,&quot;sizes&quot;:[]},&quot;_transform_translateY_effect_mobile&quot;:{&quot;unit&quot;:&quot;px&quot;,&quot;size&quot;:&quot;&quot;,&quot;sizes&quot;:[]}}\" data-widget_type=\"text-editor.default\">\n\t\t\t\t<div class=\"elementor-widget-container\">\n\t\t\t\t\t\t\t<h1>H\u00f6here Schulen in Lienz<\/h1><div>\u00a0<\/div><ul><li><a href=\"https:\/\/hlw-lienz.at\/\" target=\"_blank\" rel=\"noopener\">HLW Lienz<\/a><\/li><li><a href=\"https:\/\/www.brg-lienz.at\/\" target=\"_blank\" rel=\"noopener\">BG\/BRG Lienz<\/a><\/li><li><a href=\"https:\/\/borg-lienz.tsn.at\/\" target=\"_blank\" rel=\"noopener\">Borg Lienz<\/a><\/li><li><a href=\"https:\/\/lla-lienz.at\/\" target=\"_blank\" rel=\"noopener\">LLA Lienz<\/a><\/li><li><a href=\"https:\/\/dominikanerinnen.tsn.at\/\" target=\"_blank\" rel=\"noopener\">FW\/ALW Lienz<\/a><\/li><li><a href=\"https:\/\/www.htl-lienz.at\/\" target=\"_blank\" rel=\"noopener\">PHTL Lienz<\/a><\/li><li><a href=\"https:\/\/www.umit-tirol.at\/page.cfm?vpath=universitaet\/campus-lienz\" target=\"_blank\" rel=\"noopener\">CAMPUS Lienz<\/a><\/li><\/ul>\t\t\t\t\t\t<\/div>\n\t\t\t\t<\/div>\n\t\t\t\t\t<\/div>\n\t\t<\/div>\n\t\t\t\t\t\t\t<\/div>\n\t\t<\/section>\n\t\t\t\t\t\t\t<\/div>\n\t\t","protected":false},"excerpt":{"rendered":"<p>Linksammlung Schulbezogene Links \u00a0 SOKRATES &#8211; Portal Portal Tirol Portal Austria Webuntis Individuelle Lernbegleitung HAK CC Lehrplan HAK sRDP SchUG Diplomarbeiten BBS QMS (Qualit\u00e4tsmanagement) P\u00e4dagogische Hochschule PHT PHT Seminaranmeldungen Login H\u00f6here Schulen in Lienz \u00a0 HLW Lienz BG\/BRG Lienz Borg Lienz LLA Lienz FW\/ALW Lienz PHTL Lienz CAMPUS Lienz<\/p>\n","protected":false},"author":1,"featured_media":0,"parent":0,"menu_order":0,"comment_status":"closed","ping_status":"closed","template":"","meta":{"_kad_post_transparent":"default","_kad_post_title":"hide","_kad_post_layout":"default","_kad_post_sidebar_id":"","_kad_post_content_style":"unboxed","_kad_post_vertical_padding":"hide","_kad_post_feature":"hide","_kad_post_feature_position":"","_kad_post_header":false,"_kad_post_footer":false,"footnotes":""},"class_list":["post-172","page","type-page","status-publish","hentry"],"aioseo_notices":[],"_links":{"self":[{"href":"https:\/\/www.hak-lienz.at\/web\/wp-json\/wp\/v2\/pages\/172","targetHints":{"allow":["GET"]}}],"collection":[{"href":"https:\/\/www.hak-lienz.at\/web\/wp-json\/wp\/v2\/pages"}],"about":[{"href":"https:\/\/www.hak-lienz.at\/web\/wp-json\/wp\/v2\/types\/page"}],"author":[{"embeddable":true,"href":"https:\/\/www.hak-lienz.at\/web\/wp-json\/wp\/v2\/users\/1"}],"replies":[{"embeddable":true,"href":"https:\/\/www.hak-lienz.at\/web\/wp-json\/wp\/v2\/comments?post=172"}],"version-history":[{"count":105,"href":"https:\/\/www.hak-lienz.at\/web\/wp-json\/wp\/v2\/pages\/172\/revisions"}],"predecessor-version":[{"id":13670,"href":"https:\/\/www.hak-lienz.at\/web\/wp-json\/wp\/v2\/pages\/172\/revisions\/13670"}],"wp:attachment":[{"href":"https:\/\/www.hak-lienz.at\/web\/wp-json\/wp\/v2\/media?parent=172"}],"curies":[{"name":"wp","href":"https:\/\/api.w.org\/{rel}","templated":true}]}}